3).
10
Let t(y) = 523*y - 29806. Calculate t(57).
5
Let y(h) = -23*h - 373. What is y(-13)?
-74
Let p(s) = -s**2 - 72*s - 266. Give p(-66).
130
Let t(l) = 127*l - 750. Determine t(6).
12
Let c(r) = -89*r - 116. Determine c(0).
-116
Let z(u) = -413*u + 18587. Give z(45).
2
Let d(p) = p**3 + 19*p**2 + 125*p + 1235. Calculate d(-16).
3
Let r(f) = -4*f**2 - 1202*f + 13. What is r(0)?
13
Let h(i) = -i**3 - 106*i**2 - 11*i - 1164. Calculate h(-106).
2
Let j(k) = -k**2 + 10*k + 18. Determine j(16).
-78
Let k(m) = -m**3 - 35*m**2 + 6*m + 9. Calculate k(-35).
-201
Let d(i) = 179*i + 3277. Give d(-21).
-482
Let f(s) = -s**3 - 48*s**2 + 44*s - 198. Give f(-49).
47
Let d(k) = -111*k - 3239. What is d(-29)?
-20
Let a(b) = -b**3 + 3*b**2 - 27*b - 6. Determine a(0).
-6
Let y(z) = -6*z**3 + 360*z**2 + 9*z - 552. Determine y(60).
-12
Let o(h) = -45*h**2 + 138*h + 135. Calculate o(-1).
-48
Let j(f) = 59*f + 8121. Give j(-135).
156
Let s(x) = -x**3 + 307*x**2 + 149*x - 45747. Calculate s(307).
-4
Let y(v) = -124*v - 12. What is y(0)?
-12
Let l(v) = -130*v**2 + 525*v. Calculate l(4).
20
Let v(z) = -2*z**2 - 36*z - 141. What is v(-12)?
3
Let m(t) = 3*t**3 - 23*t**2 + 38*t - 77. What is m(6)?
-29
Let t(m) = -6*m**3 + 9*m**2 + 4*m - 12. What is t(3)?
-81
Let h(g) = g**3 + 53*g**2 - 70*g - 161. Calculate h(-54).
703
Let q(h) = h**3 + 7*h**2 - 42*h - 228. Give q(-9).
-12
Let o(y) = -y**2 - 2*y + 284. Calculate o(-18).
-4
Let n(k) = -15*k + 301. Give n(21).
-14
Let j(t) = t**2 - 97*t + 1325. Calculate j(81).
29
Let h(b) = -353*b + 1774. What is h(5)?
9
Let v(f) = 23*f - 1636. Determine v(70).
-26
Let r(d) = -d**3 - 34*d**2 - 68*d + 71. Give r(-32).
199
Let d(p) = 21*p + 308. What is d(-15)?
-7
Let z(d) = -d**3 + 18*d**2 + 44*d + 406. Give z(21).
7
Let m(w) = -33*w**2 + 529*w - 29. Calculate m(16).
-13
Let a(j) = j**2 - 4*j - 344. What is a(0)?
-344
Let x(a) = a**2 - 6*a + 53. What is x(24)?
485
Let q(w) = w**3 - 25*w**2 + 19*w + 61. Determine q(24).
-59
Let y(f) = -f**2 - 38*f + 312. Determine y(13).
-351
Let f(r) = -7*r**2 - 4*r + 2. Calculate f(3).
-73
Let j(t) = -834*t - 23373. Determine j(-28).
-21
Let a(n) = -16*n**2 - 13*n - 39. Give a(-4).
-243
Let s(d) = d**2 - 290*d + 3870. Determine s(14).
6
Let o(f) = 3*f**3 + 12*f**2 + 28*f + 2. Calculate o(-5).
-213
Let c(d) = d**3 + 4*d**2 - 30*d + 41. Calculate c(2).
5
Let z(n) = -8*n**2 - 9*n - 20. Calculate z(-5).
-175
Let i(w) = 20*w**3 - 6*w**2 - 9*w - 3. What is i(-2)?
-169
Let z(b) = -b**2 + 39*b - 166. What is z(5)?
4
Let g(d) = 13*d + 563. Determine g(-33).
134
Let x(q) = q**3 + 59*q**2 + 432*q - 151. Calculate x(-9).
11
Let p(b) = -2*b**2 - 205*b + 1662. Give p(-110).
12
Let d(r) = 20*r + 408. Calculate d(-32).
-232
Let j(w) = 4*w**2 + 111*w - 52. Calculate j(-28).
-24
Let v(k) = 3*k**2 - 2010*k + 11. Determine v(0).
11
Let a(l) = 3*l**3 + 6*l**2 - 24*l - 4. What is a(2)?
-4
Let o(y) = 1047*y - 43968. Calculate o(42).
6
Let s(h) = -97*h + 12896. Calculate s(133).
-5
Let h(d) = d**2 - 6*d - 503. What is h(28)?
113
Let o(k) = 821*k - 9025. Give o(11).
6
Let s(j) = -j**2 + 76*j - 83. What is s(75)?
-8
Let w(u) = -9*u**2 - 16*u - 5. What is w(-1)?
2
Let d(f) = 3573*f + 7203. What is d(-2)?
57
Let s(w) = 28*w + 811. Determine s(-29).
-1
Let o(f) = -f**3 - 8*f**2 - 470*f - 4894. What is o(-10)?
6
Let t(l) = l**3 - l**2 - 33*l - 21. What is t(-5)?
-6
Let f(w) = -w**2 - 168*w + 848. Determine f(5).
-17
Let h(p) = -37*p - 394. Give h(-11).
13
Let v(s) = 35*s + 225. Give v(-7).
-20
Let x(f) = -40*f - 541. Determine x(-15).
59
Let x(m) = 2599*m - 15595. Determine x(6).
-1
Let b(a) = a**3 - 3*a**2 - 52*a + 196. Calculate b(4).
4
Let q(w) = -w**2 - 5*w - 86. Give q(-12).
-170
Let u(b) = 477*b - 39578. What is u(83)?
13
Let u(s) = -766*s - 93455. Give u(-122).
-3
Let y(r) = -16*r - 77. Calculate y(-7).
35
Let i(k) = -k**2 - 67*k + 2645. Give i(-95).
-15
Let t(k) = 9*k**2 - 566*k. Give t(64).
640
Let u(v) = v + 520. Calculate u(12).
532
Let o(v) = -26*v**2 + 277*v - 166. Determine o(10).
4
Let m(f) = -f**3 - 47*f**2 + 102*f + 183. Give m(-49).
-13
Let u(z) = 2*z**2 + 66*z + 195. Determine u(-30).
15
Let x(u) = -133*u - 3499. Give x(-26).
-41
Let c(g) = g**3 + 41*g**2 + 116*g + 3035. Determine c(-40).
-5
Let r(h) = 1208*h + 13339. Give r(-11).
51
Let v(l) = 4*l**3 - 2*l - 698. Give v(0).
-698
Let k(s) = 171*s + 10781. Calculate k(-63).
8
Let j(q) = 3*q**3 + 64*q**2 + 227*q + 95. Determine j(-17).
-7
Let d(y) = -y**3 + 14*y**2 - 33*y - 7. Determine d(4).
21
Let w(k) = -114*k - 1313. Calculate w(-12).
55
Let w(b) = 21*b + 12. Calculate w(-7).
-135
Let c(k) = 25*k + 183. What is c(-7)?
8
Let x(p) = -p**3 + 7*p**2 - 6*p - 19. What is x(5)?
1
Let y(b) = 121*b + 10183. What is y(-84)?
19
Let m(a) = -84*a**2 + 2193*a - 225. What is m(26)?
9
Let v(w) = 30*w - 1989. What is v(66)?
-9
Let l(t) = 19*t + 475. Determine l(-52).
-513
Let d(m) = -2352*m + 143471. Give d(61).
-1
Let f(s) = s**3 + 3*s**2 - 20*s. What is f(0)?
0
Let l(g) = 24*g - 500. Give l(12).
-212
Let o(l) = l**3 + 15*l**2 + 17*l + 9. Give o(-14).
-33
Let a(s) = -s**2 + 36*s + 156. Determine a(-4).
-4
Let u(p) = -p**2 - 72*p - 1475. What is u(-40)?
-195
Let f(u) = 5*u**2 + 101*u + 76. What is f(-19)?
-38
Let k(l) = 12*l**2 - 79*l + 69. What is k(7)?
104
Let z(l) = 2*l**3 + 26*l**2 + 74*l + 15. What is z(-9)?
-3
Let p(n) = 2*n**3 + 11*n**2 + 11*n - 10. What is p(-7)?
-234
Let r(i) = 68*i - 767. Determine r(9).
-155
Let o(v) = -6*v**2 - 452*v + 1401. Give o(3).
-9
Let j(i) = 17*i**2 - 457*i - 42. Determine j(27).
12
Let r(o) = o**2 - 7*o + 5. What is r(8)?
13
Let p(m) = m**3 + 13*m**2 - 13*m - 191. Determine p(-13).
-22
Let j(w) = 8*w**2 + 243*w + 17. Give j(-30).
-73
Let t(z) = 62*z - 369. What is t(7)?
65
Let c(g) = -221*g - 1896. What is c(-9)?
93
Let d(y) = 593*y + 1780. What is d(-3)?
1
Let y(b) = -361*b - 4334. Give y(-12).
-2
Let l(o) = -393*o + 3222. Give l(8).
78
Let b(k) = -25*k - 453. Give b(-18).
-3
Let j(f) = -43*f - 757. What is j(-16)?
-69
Let q(k) = 3*k**3 + 102*k**2 + 11*k + 52. Determine q(-34).
-322
Let q(z) = 2*z**2 + 51*z + 53. Determine q(-1).
4
Let x(a) = -1536*a + 3563. Calculate x(2).
491
Let p(q) = -36*q - 197. What is p(7)?
-449
Let d(x) = -139*x**2 - 58*x - 55. Determine d(-1).
-136
Let b(h) = -38*h - 118. Give b(-3).
-4
Let x(j) = -21*j - 16. Determine x(-6).
110
Let b(o) = o**3 - o**2 + 120*o - 227. What is b(2)?
17
Let k(j) = -j**3 - 11*j**2 + 22*j + 10. Calculate k(4).
-142
Let d(c) = -c**3 - 67*c**2 - 277*c - 1582. Determine d(-63).
-7
Let c(u) = -u**3 + 9*u**2 - 18*u + 62. Determine c(9).
-100
Let d(r) = -22*r + 652. Calculate d(13).
366
Let s(g) = g**3 + 6*g**2 + 3*g - 17. Determine s(-3).
1
Let h(p) = -p**3 + 7*p**2 - 5*p + 174. What is h(10)?
-176
Let p(o) = -2*o**3 - 20*o**2 + 3*o + 57. What is p(-9)?
-132
Let j(h) = h**3 - 32*h**2 + 91*h + 587. Calculate j(28).
-1
Let c(m) = m**2 + 82*m - 251. Give c(3).
4
Let l(k) = k**3 - 33*k**2 + 41*k - 278. Give l(32).
10
Let g(q) = -3*q**2 - 268*q + 757. What is g(-92)?
21
Let s(f) = f**2 + 59*f + 562. Give s(-41).
-176
Let a(u) = -3*u**3 + 25*u**2 + 15*u + 13. Determine a(9).
-14
Let o(j) = 13*j - 433. What is o(33)?
-4
Let r(g) = -16*g**2 + 113*g + 5. Calculate r(7).
12
Let f(k) = 2*k**2 + k + 17. What is f(10)?
227
Let x(d) = -51*d + 1162. Calculate x(23).
-11
Let b(l) = 3*l + 85. Determine b(-15).
40
Let k(h) = h**3 - 9*h**2 + 62*h - 726. Give k(10).
-6
Let c(a) = -a**3 - 40*a**2 + 126*a - 122. Determine c(-43).
7
Let c(o) = -3*o**3 + 20*o**2 - 41*o + 12. Give c(6).
-162
Let f(l) = -1434*l - 7133. What is f(-5)?
37
Let t(u) = u**3 - 2*u**2 + u - 2. Determine t(1).
-2
Let f(q) = q**3 + 38*q**2 + 84*q + 1741. What is f(-37)?
2
Let o(f) = 19*f**2 + 588*f - 21. What is o(-31)?
10
Let i(h) = -h**2 - 57*h + 163. Calculate i(-61).
-81
Let i(w) = -w**3 + 16*w**2 + 221*w + 56. Calculate i(25).
-44
Let f(q) = 83*q + 12785. Determine f(-154).
3
Let v(i) = 8*i**2 + 93*i + 49. What is v(-11)?
-6
Let y(o) = -2*o**3 + 25*o**2 - 9*o + 18. What is y(12)?
54
Let y(i) = i**3 - 8*i**2 - 165*i + 902. Give y(5).
2
Let t(u) = -u**3 - 22*u**2 - 25*u - 69. Determine t(-21).
15
Let n(z) = -9*z**2 + 138*z + 1583. Calculate n(23).
-4
Let w(q) = 22*q**2 - 727*q + 26. Give w(33).
-7
Let u(t) = t**3 - 30*t**2 + 31*t - 34